{"id":1271,"date":"2025-07-10T13:57:05","date_gmt":"2025-07-10T16:57:05","guid":{"rendered":"https:\/\/transparencia.cge.rj.gov.br\/?page_id=1271"},"modified":"2026-03-12T17:10:08","modified_gmt":"2026-03-12T20:10:08","slug":"gestao-fiscal-e-governamental","status":"publish","type":"page","link":"https:\/\/transparencia.cge.rj.gov.br\/transparencia\/gestao-fiscal-e-governamental\/","title":{"rendered":"Gest\u00e3o Fiscal e Governamental"},"content":{"rendered":"<section class=\"pagpo-section\">\n<div class=\"pagpo-container\">\n<h5 class=\"pagpo-title\">Gest\u00e3o Fiscal e Governamental<\/h5>\n<p style=\"text-align: justify; color: #010101;\">A gest\u00e3o fiscal e governamental compreende o conjunto de pr\u00e1ticas, instrumentos e a\u00e7\u00f5es adotadas pelo Estado para planejar, executar, monitorar e avaliar a arrecada\u00e7\u00e3o de receitas, a aplica\u00e7\u00e3o de despesas e o cumprimento das metas fiscais e administrativas. Na esfera fiscal, envolve o controle das contas p\u00fablicas com base em princ\u00edpios como responsabilidade, equil\u00edbrio or\u00e7ament\u00e1rio, transpar\u00eancia e sustentabilidade das finan\u00e7as estaduais. J\u00e1 a gest\u00e3o governamental abrange a condu\u00e7\u00e3o das pol\u00edticas p\u00fablicas, o planejamento estrat\u00e9gico, a presta\u00e7\u00e3o de contas e a atua\u00e7\u00e3o transparente dos gestores.<\/p>\n<p style=\"text-align: justify; color: #010101;\">A presta\u00e7\u00e3o de contas \u00e9 um dever fundamental da administra\u00e7\u00e3o p\u00fablica, que assegura a transpar\u00eancia, o controle e a responsabilidade na utiliza\u00e7\u00e3o dos recursos p\u00fablicos. Por meio desse processo, os gestores p\u00fablicos demonstram como aplicaram os recursos sob sua responsabilidade, apresentando relat\u00f3rios, documentos e indicadores que comprovam a legalidade, legitimidade e efici\u00eancia das a\u00e7\u00f5es executadas. Prevista na Constitui\u00e7\u00e3o Federal e regulamentada por normas espec\u00edficas, a presta\u00e7\u00e3o de contas \u00e9 submetida \u00e0 an\u00e1lise de \u00f3rg\u00e3os de controle interno e externo, e representa um pilar essencial da boa governan\u00e7a p\u00fablica. Mais do que um requisito legal, ela refor\u00e7a a confian\u00e7a da sociedade nas institui\u00e7\u00f5es e contribui para o aprimoramento cont\u00ednuo da gest\u00e3o p\u00fablica.<\/p>\n\n<div class=\"pagpo-row\">\n<div class=\"pagpo-col\"><a class=\"pagpo-card-link\" href=\"https:\/\/portal.fazenda.rj.gov.br\/contabilidade\/relatorios-contabeis\/relatorios-de-contas-de-governo\/\" target=\"_blank\" rel=\"noopener\">Contas de Governo\n<\/a><\/div>\n<div class=\"pagpo-col\"><a class=\"pagpo-card-link\" href=\"https:\/\/portal.fazenda.rj.gov.br\/contabilidade\/relatorios-fiscais\/\" target=\"_blank\" rel=\"noopener\">Relat\u00f3rio Resumido da Execu\u00e7\u00e3o Or\u00e7ament\u00e1ria \u2013 RREO\n<\/a><\/div>\n<div class=\"pagpo-col\"><a class=\"pagpo-card-link\" href=\"https:\/\/portal.fazenda.rj.gov.br\/contabilidade\/relatorios-fiscais\/\" target=\"_blank\" rel=\"noopener\">Relat\u00f3rio de Gest\u00e3o Fiscal \u2013 RGF\n<\/a><\/div>\n<div class=\"pagpo-col\"><a class=\"pagpo-card-link\" href=\"https:\/\/portal.fazenda.rj.gov.br\/contabilidade\/relatorios-contabeis\/relatorios-de-contas-de-governo\/\" target=\"_blank\" rel=\"noopener\">Relat\u00f3rio de Gest\u00e3o ou Atividades\n<\/a><\/div>\n<div class=\"pagpo-col\"><a class=\"pagpo-card-link\" href=\"https:\/\/portal.fazenda.rj.gov.br\/contabilidade\/relatorios-contabeis\/relatorios-de-contas-de-governo\/\" target=\"_blank\" rel=\"noopener\">Decis\u00e3o da Aprecia\u00e7\u00e3o ou Julgamento das Contas pelo TCE-RJ\n<\/a><\/div>\n<div class=\"pagpo-col\"><a class=\"pagpo-card-link\" href=\"https:\/\/portal.fazenda.rj.gov.br\/tesouro\/relatorios\/divida-publica\/\" target=\"_blank\" rel=\"noopener\">Regime de Recupera\u00e7\u00e3o Fiscal\n<\/a><\/div>\n<div class=\"pagpo-col\"><a class=\"pagpo-card-link\" href=\"\/voos-do-governador\/\">Voos do Governador\n<\/a><\/div>\n<\/div>\n<\/div>\n<\/section>","protected":false},"excerpt":{"rendered":"Gest\u00e3o Fiscal e Governamental A gest\u00e3o fiscal e governamental compreende o conjunto de pr\u00e1ticas, instrumentos e a\u00e7\u00f5es adotadas pelo Estado para planejar, executar, monitorar e avaliar a arrecada\u00e7\u00e3o de receitas, [&hellip;]","protected":false},"author":1,"featured_media":0,"parent":0,"menu_order":0,"comment_status":"closed","ping_status":"closed","template":"","meta":{"footnotes":""},"class_list":["post-1271","page","type-page","status-publish","hentry"],"_links":{"self":[{"href":"https:\/\/transparencia.cge.rj.gov.br\/transparencia\/wp-json\/wp\/v2\/pages\/1271","targetHints":{"allow":["GET"]}}],"collection":[{"href":"https:\/\/transparencia.cge.rj.gov.br\/transparencia\/wp-json\/wp\/v2\/pages"}],"about":[{"href":"https:\/\/transparencia.cge.rj.gov.br\/transparencia\/wp-json\/wp\/v2\/types\/page"}],"author":[{"embeddable":true,"href":"https:\/\/transparencia.cge.rj.gov.br\/transparencia\/wp-json\/wp\/v2\/users\/1"}],"replies":[{"embeddable":true,"href":"https:\/\/transparencia.cge.rj.gov.br\/transparencia\/wp-json\/wp\/v2\/comments?post=1271"}],"version-history":[{"count":12,"href":"https:\/\/transparencia.cge.rj.gov.br\/transparencia\/wp-json\/wp\/v2\/pages\/1271\/revisions"}],"predecessor-version":[{"id":3177,"href":"https:\/\/transparencia.cge.rj.gov.br\/transparencia\/wp-json\/wp\/v2\/pages\/1271\/revisions\/3177"}],"wp:attachment":[{"href":"https:\/\/transparencia.cge.rj.gov.br\/transparencia\/wp-json\/wp\/v2\/media?parent=1271"}],"curies":[{"name":"wp","href":"https:\/\/api.w.org\/{rel}","templated":true}]}}

Gestão Fiscal e Governamental

<section class="pagpo-section">
<div class="pagpo-container">
<h5 class="pagpo-title">Gestão Fiscal e Governamental</h5>
<p style="text-align: justify; color: #010101;">A gestão fiscal e governamental compreende o conjunto de práticas, instrumentos e ações adotadas pelo Estado para planejar, executar, monitorar e avaliar a arrecadação de receitas, a aplicação de despesas e o cumprimento das metas fiscais e administrativas. Na esfera fiscal, envolve o controle das contas públicas com base em princípios como responsabilidade, equilíbrio orçamentário, transparência e sustentabilidade das finanças estaduais. Já a gestão governamental abrange a condução das políticas públicas, o planejamento estratégico, a prestação de contas e a atuação transparente dos gestores.</p>
<p style="text-align: justify; color: #010101;">A prestação de contas é um dever fundamental da administração pública, que assegura a transparência, o controle e a responsabilidade na utilização dos recursos públicos. Por meio desse processo, os gestores públicos demonstram como aplicaram os recursos sob sua responsabilidade, apresentando relatórios, documentos e indicadores que comprovam a legalidade, legitimidade e eficiência das ações executadas. Prevista na Constituição Federal e regulamentada por normas específicas, a prestação de contas é submetida à análise de órgãos de controle interno e externo, e representa um pilar essencial da boa governança pública. Mais do que um requisito legal, ela reforça a confiança da sociedade nas instituições e contribui para o aprimoramento contínuo da gestão pública.</p>

<div class="pagpo-row">
<div class="pagpo-col"><a class="pagpo-card-link" href="https://portal.fazenda.rj.gov.br/contabilidade/relatorios-contabeis/relatorios-de-contas-de-governo/" target="_blank" rel="noopener">Contas de Governo
</a></div>
<div class="pagpo-col"><a class="pagpo-card-link" href="https://portal.fazenda.rj.gov.br/contabilidade/relatorios-fiscais/" target="_blank" rel="noopener">Relatório Resumido da Execução Orçamentária – RREO
</a></div>
<div class="pagpo-col"><a class="pagpo-card-link" href="https://portal.fazenda.rj.gov.br/contabilidade/relatorios-fiscais/" target="_blank" rel="noopener">Relatório de Gestão Fiscal – RGF
</a></div>
<div class="pagpo-col"><a class="pagpo-card-link" href="https://portal.fazenda.rj.gov.br/contabilidade/relatorios-contabeis/relatorios-de-contas-de-governo/" target="_blank" rel="noopener">Relatório de Gestão ou Atividades
</a></div>
<div class="pagpo-col"><a class="pagpo-card-link" href="https://portal.fazenda.rj.gov.br/contabilidade/relatorios-contabeis/relatorios-de-contas-de-governo/" target="_blank" rel="noopener">Decisão da Apreciação ou Julgamento das Contas pelo TCE-RJ
</a></div>
<div class="pagpo-col"><a class="pagpo-card-link" href="https://portal.fazenda.rj.gov.br/tesouro/relatorios/divida-publica/" target="_blank" rel="noopener">Regime de Recuperação Fiscal
</a></div>
<div class="pagpo-col"><a class="pagpo-card-link" href="/voos-do-governador/">Voos do Governador
</a></div>
</div>
</div>
</section>

Gestão Fiscal e Governamental A gestão fiscal e governamental compreende o conjunto de práticas, instrumentos e ações adotadas pelo Estado para planejar, executar, monitorar e avaliar a arrecadação de receitas, [&hellip;]
