{"id":1273,"date":"2025-07-10T13:57:55","date_gmt":"2025-07-10T16:57:55","guid":{"rendered":"https:\/\/transparencia.cge.rj.gov.br\/?page_id=1273"},"modified":"2026-04-30T12:33:21","modified_gmt":"2026-04-30T15:33:21","slug":"incentivos-concedidos","status":"publish","type":"page","link":"https:\/\/transparencia.cge.rj.gov.br\/transparencia\/incentivos-concedidos\/","title":{"rendered":"Incentivos Concedidos"},"content":{"rendered":"<section class=\"pagpo-section\">\n<div class=\"pagpo-container\">\n<h5 class=\"pagpo-title\">Incentivos Concedidos<\/h5>\n<p style=\"text-align: justify; color: #010101\">Esta se\u00e7\u00e3o apresenta informa\u00e7\u00f5es sobre os incentivos concedidos pelo Estado do Rio de Janeiro, com o objetivo de estimular o desenvolvimento econ\u00f4mico, social, cient\u00edfico e cultural. Est\u00e3o dispon\u00edveis dados sobre os benef\u00edcios fiscais concedidos a empresas, os benef\u00edcios diretos ao cidad\u00e3o, como aux\u00edlios e programas sociais, al\u00e9m das bolsas de pesquisa e do apoio a projetos culturais e esportivos.<\/p>\n\n<div class=\"pagpo-row\">\n<div class=\"pagpo-col\"><a class=\"pagpo-card-link\" href=\"\/beneficios-fiscais\/\" rel=\"noopener\">Benef\u00edcios Fiscais\n<\/a><\/div>\n<div class=\"pagpo-col\"><a class=\"pagpo-card-link\" href=\"http:\/\/cultura.rj.gov.br\/incentivo-a-cultura-transparencia\/\" target=\"_blank\" rel=\"noopener\">Incentivos Culturais\n<\/a><\/div>\n<div class=\"pagpo-col\"><a class=\"pagpo-card-link\" href=\"https:\/\/www.rj.gov.br\/esporte\/lei-de-incentivo-transparencia\" target=\"_blank\" rel=\"noopener\">Incentivos Esportivos\n<\/a><\/div>\n<div class=\"pagpo-col\"><a class=\"pagpo-card-link\" href=\"\/relatorio-beneficio-cidadao\/\">Benef\u00edcio ao Cidad\u00e3o\n<\/a><\/div>\n<div class=\"pagpo-col\"><a class=\"pagpo-card-link\" href=\"\/transparencia\/bolsa-de-pesquisa\/\">Bolsa de Pesquisa\n<\/a><\/div>\n<\/div>\n<\/div>\n<\/section>","protected":false},"excerpt":{"rendered":"Incentivos Concedidos Esta se\u00e7\u00e3o apresenta informa\u00e7\u00f5es sobre os incentivos concedidos pelo Estado do Rio de Janeiro, com o objetivo de estimular o desenvolvimento econ\u00f4mico, social, cient\u00edfico e cultural. Est\u00e3o dispon\u00edveis [&hellip;]","protected":false},"author":1,"featured_media":0,"parent":0,"menu_order":0,"comment_status":"closed","ping_status":"closed","template":"","meta":{"footnotes":""},"class_list":["post-1273","page","type-page","status-publish","hentry"],"_links":{"self":[{"href":"https:\/\/transparencia.cge.rj.gov.br\/transparencia\/wp-json\/wp\/v2\/pages\/1273","targetHints":{"allow":["GET"]}}],"collection":[{"href":"https:\/\/transparencia.cge.rj.gov.br\/transparencia\/wp-json\/wp\/v2\/pages"}],"about":[{"href":"https:\/\/transparencia.cge.rj.gov.br\/transparencia\/wp-json\/wp\/v2\/types\/page"}],"author":[{"embeddable":true,"href":"https:\/\/transparencia.cge.rj.gov.br\/transparencia\/wp-json\/wp\/v2\/users\/1"}],"replies":[{"embeddable":true,"href":"https:\/\/transparencia.cge.rj.gov.br\/transparencia\/wp-json\/wp\/v2\/comments?post=1273"}],"version-history":[{"count":20,"href":"https:\/\/transparencia.cge.rj.gov.br\/transparencia\/wp-json\/wp\/v2\/pages\/1273\/revisions"}],"predecessor-version":[{"id":0,"href":"https:\/\/transparencia.cge.rj.gov.br\/transparencia\/wp-json\/wp\/v2\/pages\/1273\/revisions\/0"}],"wp:attachment":[{"href":"https:\/\/transparencia.cge.rj.gov.br\/transparencia\/wp-json\/wp\/v2\/media?parent=1273"}],"curies":[{"name":"wp","href":"https:\/\/api.w.org\/{rel}","templated":true}]}}