{"id":1281,"date":"2025-07-10T15:43:40","date_gmt":"2025-07-10T18:43:40","guid":{"rendered":"https:\/\/transparencia.cge.rj.gov.br\/?page_id=1281"},"modified":"2026-01-09T15:49:14","modified_gmt":"2026-01-09T18:49:14","slug":"despesas","status":"publish","type":"page","link":"https:\/\/transparencia.cge.rj.gov.br\/transparencia\/despesas\/","title":{"rendered":"Despesas"},"content":{"rendered":"<section class=\"pagpo-section\">\n<div class=\"pagpo-container\">\n<h5 class=\"pagpo-title\">Despesas<\/h5>\n<p style=\"text-align: justify; color: #010101\">Nas Despesas s\u00e3o fornecidas informa\u00e7\u00f5es sobre os gastos realizados pelos \u00f3rg\u00e3os e entidades estaduais em decorr\u00eancia dos pagamentos para servidores p\u00fablicos e fornecedores de materiais, servi\u00e7os e obras, deduzidos, quando for o caso, os impostos e contribui\u00e7\u00f5es exigidos pela legisla\u00e7\u00e3o.<\/p>\n<p style=\"text-align: justify; color: #010101\">Para acessar o dicion\u00e1rio das Despesas, <a href=\"\/transparencia\/wp-content\/uploads\/2025\/10\/Dicionario-Despesas.pdf\">clique aqui<\/a>.<\/p>\n\n<div class=\"pagpo-row\">\n<div class=\"pagpo-col\"><a class=\"pagpo-card-link\" href=\"https:\/\/tfe.fazenda.rj.gov.br\/tfe\/web\/despesa\" target=\"_blank\" rel=\"noopener\">Execu\u00e7\u00e3o da Despesa\n<\/a><\/div>\n<div class=\"pagpo-col\"><a class=\"pagpo-card-link\" href=\"https:\/\/tfe.fazenda.rj.gov.br\/tfe\/web\/despesagenerica\" target=\"_blank\" rel=\"noopener\">Monte sua Consulta\n<\/a><\/div>\n<div class=\"pagpo-col\"><a class=\"pagpo-card-link\" href=\"https:\/\/tfe.fazenda.rj.gov.br\/tfe\/web\/despesalivre\" target=\"_blank\" rel=\"noopener\">Consulta Livre de Despesa\n<\/a><\/div>\n<div class=\"pagpo-col\"><a class=\"pagpo-card-link\" href=\"https:\/\/tfe.fazenda.rj.gov.br\/tfe\/web\/orcamentofacil\" target=\"_blank\" rel=\"noopener\">Or\u00e7amento F\u00e1cil\n<\/a><\/div>\n<div class=\"pagpo-col\"><a class=\"pagpo-card-link\" href=\"https:\/\/tfe.fazenda.rj.gov.br\/tfe\/web\/fornecedor\" target=\"_blank\" rel=\"noopener\">Consulta a Fornecedores\n<\/a><\/div>\n<div class=\"pagpo-col\"><a class=\"pagpo-card-link\" href=\"https:\/\/portal.fazenda.rj.gov.br\/tesouro\/relatorios\/divida-publica\/\" target=\"_blank\" rel=\"noopener\">D\u00edvida P\u00fablica\n<\/a><\/div>\n<div class=\"pagpo-col\"><a class=\"pagpo-card-link\" href=\"https:\/\/portal.fazenda.rj.gov.br\/tesouro\/relatorios\/precatorios\/\" target=\"_blank\" rel=\"noopener\">Precat\u00f3rios\n<\/a><\/div>\n<div class=\"pagpo-col\"><a class=\"pagpo-card-link\" href=\"\/adiantamentos\/\">Adiantamentos (Suprimento de Fundos)\n<\/a><\/div>\n<div class=\"pagpo-col\"><a class=\"pagpo-card-link\" href=\"\/relatorio-locacao-imoveis\/\">Loca\u00e7\u00e3o de Im\u00f3veis\n<\/a><\/div>\n<div class=\"pagpo-col\"><a class=\"pagpo-card-link\" href=\"\/despesas-coronavirus\/\">Despesa com Coronav\u00edrus\n<\/a><\/div>\n<div class=\"pagpo-col\"><a class=\"pagpo-card-link\" href=\"https:\/\/tfe.fazenda.rj.gov.br\/tfe\/web\/contrato\" target=\"_blank\" rel=\"noopener\">Contratos\n<\/a><\/div>\n<\/div>\n<\/div>\n<\/section>","protected":false},"excerpt":{"rendered":"Despesas Nas Despesas s\u00e3o fornecidas informa\u00e7\u00f5es sobre os gastos realizados pelos \u00f3rg\u00e3os e entidades estaduais em decorr\u00eancia dos pagamentos para servidores p\u00fablicos e fornecedores de materiais, servi\u00e7os e obras, deduzidos, [&hellip;]","protected":false},"author":1,"featured_media":0,"parent":0,"menu_order":0,"comment_status":"closed","ping_status":"closed","template":"","meta":{"footnotes":""},"class_list":["post-1281","page","type-page","status-publish","hentry"],"_links":{"self":[{"href":"https:\/\/transparencia.cge.rj.gov.br\/transparencia\/wp-json\/wp\/v2\/pages\/1281","targetHints":{"allow":["GET"]}}],"collection":[{"href":"https:\/\/transparencia.cge.rj.gov.br\/transparencia\/wp-json\/wp\/v2\/pages"}],"about":[{"href":"https:\/\/transparencia.cge.rj.gov.br\/transparencia\/wp-json\/wp\/v2\/types\/page"}],"author":[{"embeddable":true,"href":"https:\/\/transparencia.cge.rj.gov.br\/transparencia\/wp-json\/wp\/v2\/users\/1"}],"replies":[{"embeddable":true,"href":"https:\/\/transparencia.cge.rj.gov.br\/transparencia\/wp-json\/wp\/v2\/comments?post=1281"}],"version-history":[{"count":17,"href":"https:\/\/transparencia.cge.rj.gov.br\/transparencia\/wp-json\/wp\/v2\/pages\/1281\/revisions"}],"predecessor-version":[{"id":3079,"href":"https:\/\/transparencia.cge.rj.gov.br\/transparencia\/wp-json\/wp\/v2\/pages\/1281\/revisions\/3079"}],"wp:attachment":[{"href":"https:\/\/transparencia.cge.rj.gov.br\/transparencia\/wp-json\/wp\/v2\/media?parent=1281"}],"curies":[{"name":"wp","href":"https:\/\/api.w.org\/{rel}","templated":true}]}}