{"id":1293,"date":"2025-07-10T16:18:35","date_gmt":"2025-07-10T19:18:35","guid":{"rendered":"https:\/\/transparencia.cge.rj.gov.br\/?page_id=1293"},"modified":"2026-01-07T13:27:34","modified_gmt":"2026-01-07T16:27:34","slug":"obras","status":"publish","type":"page","link":"https:\/\/transparencia.cge.rj.gov.br\/transparencia\/obras\/","title":{"rendered":"Obras"},"content":{"rendered":"<section class=\"pagpo-section\">\n  <div class=\"pagpo-container\">\n    <h5 class=\"pagpo-title\">OBRAS<\/h5>\n    <p style=\"color: #010101\">\n      Esta se\u00e7\u00e3o apresenta dados sobre investimentos em obras p\u00fablicas do Estado do RJ, incluindo informa\u00e7\u00f5es do Pacto RJ.\n    <\/p>\n\n    <div class=\"pagpo-row\">\n      <div class=\"pagpo-col\">\n        <a class=\"pagpo-card-link\" href=\"\/relatorio-obras\/\">\n          <span>Obras<\/span>\n        <\/a>\n      <\/div>\n      <div class=\"pagpo-col\">\n        <a class=\"pagpo-card-link\" href=\"https:\/\/www.pacto.rj.gov.br\/\" target=\"_blank\" rel=\"noopener\">\n          <span>Pacto RJ<\/span>\n        <\/a>\n      <\/div>\n    <\/div>\n  <\/div>\n<\/section>","protected":false},"excerpt":{"rendered":"OBRAS Esta se\u00e7\u00e3o apresenta dados sobre investimentos em obras p\u00fablicas do Estado do RJ, incluindo informa\u00e7\u00f5es do Pacto RJ. Obras Pacto RJ","protected":false},"author":1,"featured_media":0,"parent":0,"menu_order":0,"comment_status":"closed","ping_status":"closed","template":"","meta":{"footnotes":""},"class_list":["post-1293","page","type-page","status-publish","hentry"],"_links":{"self":[{"href":"https:\/\/transparencia.cge.rj.gov.br\/transparencia\/wp-json\/wp\/v2\/pages\/1293","targetHints":{"allow":["GET"]}}],"collection":[{"href":"https:\/\/transparencia.cge.rj.gov.br\/transparencia\/wp-json\/wp\/v2\/pages"}],"about":[{"href":"https:\/\/transparencia.cge.rj.gov.br\/transparencia\/wp-json\/wp\/v2\/types\/page"}],"author":[{"embeddable":true,"href":"https:\/\/transparencia.cge.rj.gov.br\/transparencia\/wp-json\/wp\/v2\/users\/1"}],"replies":[{"embeddable":true,"href":"https:\/\/transparencia.cge.rj.gov.br\/transparencia\/wp-json\/wp\/v2\/comments?post=1293"}],"version-history":[{"count":13,"href":"https:\/\/transparencia.cge.rj.gov.br\/transparencia\/wp-json\/wp\/v2\/pages\/1293\/revisions"}],"predecessor-version":[{"id":3046,"href":"https:\/\/transparencia.cge.rj.gov.br\/transparencia\/wp-json\/wp\/v2\/pages\/1293\/revisions\/3046"}],"wp:attachment":[{"href":"https:\/\/transparencia.cge.rj.gov.br\/transparencia\/wp-json\/wp\/v2\/media?parent=1293"}],"curies":[{"name":"wp","href":"https:\/\/api.w.org\/{rel}","templated":true}]}}