{"id":650,"date":"2025-06-17T15:55:58","date_gmt":"2025-06-17T18:55:58","guid":{"rendered":"http:\/\/10.11.82.79:3080\/?page_id=650"},"modified":"2025-11-12T11:50:12","modified_gmt":"2025-11-12T14:50:12","slug":"lgpd","status":"publish","type":"page","link":"https:\/\/transparencia.cge.rj.gov.br\/transparencia\/lgpd\/","title":{"rendered":"LGPD"},"content":{"rendered":"<div class=\"lgpd-governo-container\">\n  <h2 class=\"lgpd-governo-titulo\">LGPD \/ Governo Digital<\/h2>\n  \n  <h3 class=\"lgpd-governo-subtitulo\">LGPD<\/h3>\n  \n  <ul class=\"lgpd-governo-lista\">\n    <li class=\"lgpd-governo-item\">\n      <a class=\"lgpd-governo-link lgpd-governo-destaque\" href=\"https:\/\/www.rj.gov.br\/lgpd\/encarregado\">Encarregado pelo Tratamento de Dados Pessoais &#8211; DPO \/ PRODERJ<\/a>\n    <\/li>\n    \n    <li class=\"lgpd-governo-item\">\n      <a class=\"lgpd-governo-link lgpd-governo-destaque\" href=\"https:\/\/www.rj.gov.br\/lgpd\/politicas_legislacoes\">Pol\u00edtica de Privacidade e Prote\u00e7\u00e3o de Dados<\/a>\n    <\/li>\n  <\/ul>\n  \n  <h3 class=\"lgpd-governo-subtitulo\">Legisla\u00e7\u00e3o<\/h3>\n  \n  <ul class=\"lgpd-governo-lista\">\n    <li class=\"lgpd-governo-item\">\n      <a class=\"lgpd-governo-link lgpd-governo-destaque\" href=\"https:\/\/www.rj.gov.br\/transparencia\/sites\/default\/files\/arquivos_paginas\/Lei%20Federal%20n%C2%BA%2013.709.pdf\">Lei Federal n\u00ba 13.709 de 14 de agosto de 2018<\/a>\n      <p class=\"lgpd-governo-descricao\">Lei Geral de Prote\u00e7\u00e3o de Dados Pessoais (LGPD).<\/p>\n    <\/li>\n    \n    <li class=\"lgpd-governo-item\">\n      <a class=\"lgpd-governo-link lgpd-governo-destaque\" href=\"https:\/\/www.rj.gov.br\/transparencia\/sites\/default\/files\/arquivos_paginas\/Lei%20Federal%20n%C2%BA%2013.853.pdf\">Lei Federal n\u00ba 13.853 de 8 de julho de 2019<\/a>\n      <p class=\"lgpd-governo-descricao\">Altera a Lei n\u00ba 13.709, de 14 de agosto de 2018, para dispor sobre a prote\u00e7\u00e3o de dados pessoais e para criar a Autoridade Nacional de Prote\u00e7\u00e3o de Dados; e d\u00e1 outras provid\u00eancias.<\/p>\n    <\/li>\n    \n    <li class=\"lgpd-governo-item\">\n      <a class=\"lgpd-governo-link lgpd-governo-destaque\" href=\"https:\/\/www.rj.gov.br\/transparencia\/sites\/default\/files\/arquivos_paginas\/Decreto%20Estadual%20n%C2%B0%2047.826%20Comit%C3%AA%20Privacidade%20Dados%20LGPD%20_0.pdf\">Decreto Estadual n\u00ba 47.826 de 11 de novembro de 2021<\/a>\n      <p class=\"lgpd-governo-descricao\">Institui o Comit\u00ea Estadual de Governan\u00e7a e Privacidade de Dados em conson\u00e2ncia com a Lei Federal n\u00ba 13.709, de 14 de agosto de 2018 (Lei Geral de Prote\u00e7\u00e3o de Dados Pessoais). (Revogado pelo Decreto Estadual n\u00ba 48.891 de 10 de janeiro de 2024)<\/p>\n    <\/li>\n    \n    <li class=\"lgpd-governo-item\">\n      <a class=\"lgpd-governo-link lgpd-governo-destaque\" href=\"https:\/\/www.rj.gov.br\/transparencia\/sites\/default\/files\/arquivos_paginas\/Decreto%20Estadual%20n%C2%B0%2047.981%20Membros%20N%C3%BAcleo%20Normativo.pdf\">Decreto Estadual n\u00ba 47.981 de 10 de mar\u00e7o de 2022<\/a>\n      <p class=\"lgpd-governo-descricao\">Designa os membros titulares e suplentes do N\u00facleo Normativo do Comit\u00ea Estadual de Governan\u00e7a e Privacidade de Dados.<\/p>\n    <\/li>\n    \n    <li class=\"lgpd-governo-item\">\n      <a class=\"lgpd-governo-link lgpd-governo-destaque\" href=\"https:\/\/www.rj.gov.br\/transparencia\/sites\/default\/files\/arquivos_paginas\/Decreto%20Estadual%20n%C2%B0%2048.891%20Pol%C3%ADtica%20de%20Governan%C3%A7a.pdf\">Decreto Estadual n\u00ba 48.891 de 10 de janeiro de 2024<\/a>\n      <p class=\"lgpd-governo-descricao\">Institui a Pol\u00edtica de Governan\u00e7a em Privacidade e Prote\u00e7\u00e3o de Dados Pessoais do Estado do Rio de Janeiro, em conformidade com a Lei Federal n\u00ba 13.709 de 14 de Agosto de 2018 (Lei Geral de Prote\u00e7\u00e3o de Dados Pessoais &#8211; LGPD).<\/p>\n    <\/li>\n    \n    <li class=\"lgpd-governo-item\">\n      <a class=\"lgpd-governo-link lgpd-governo-destaque\" href=\"\/transparencia\/wp-content\/uploads\/2025\/11\/Resolucao-SETD-56_2024-Encarregado-Central-pelo-Tratamento-de-Dados-Pessoais.pdf\">Resolu\u00e7\u00e3o SETD n\u00ba 56 de 26 de dezembro de 2024<\/a>\n      <p class=\"lgpd-governo-descricao\">Dispensa e designa, sem aumento de despesas, servidor para desempenho da fun\u00e7\u00e3o Encarregado Central pelo Tratamento de Dados Pessoais da Secretaria de Estado de Transforma\u00e7\u00e3o Digital (SETD), e d\u00e1 outras provid\u00eancias.<\/p>\n    <\/li>\n    <li class=\"lgpd-governo-item\">\n      <a class=\"lgpd-governo-link lgpd-governo-destaque\" href=\"\/transparencia\/wp-content\/uploads\/2025\/11\/RESOLUCAO-CONJUNTA-SETD-PRODERJ-No-17_2025.pdf\">Resolu\u00e7\u00e3o Conjunta SETD\/PRODERJ n\u00ba 17 de 30 de outubro de 2025<\/a>\n      <p class=\"lgpd-governo-descricao\">Aprova o regimento interno do n\u00facleo normativo do Comit\u00ea Estadual de Governan\u00e7a em Privacidade e Prote\u00e7\u00e3o de Dados Pessoais.<\/p>\n    <\/li>\n  <\/ul>\n  \n  <h3 class=\"lgpd-governo-subtitulo\">GOVERNO DIGITAL<\/h3>\n  \n  <h3 class=\"lgpd-governo-subtitulo\">Legisla\u00e7\u00e3o<\/h3>\n  \n  <ul class=\"lgpd-governo-lista\">\n    <li class=\"lgpd-governo-item\">\n      <a class=\"lgpd-governo-link\" href=\"https:\/\/www.rj.gov.br\/transparencia\/sites\/default\/files\/arquivos_paginas\/LEI%20N%C2%BA%2014.LEI%20N%C2%BA%2014.129%2C%20DE%2029%20DE%20MAR%C3%87O%20DE%202021%20-%20DOU.pdf\">Lei Federal n\u00ba 14.129\/2021 de 29 de mar\u00e7o de 2021<\/a>\n      <p class=\"lgpd-governo-descricao\">Disp\u00f5e sobre princ\u00edpios, regras e instrumentos para o Governo Digital e para o aumento da efici\u00eancia p\u00fablica.<\/p>\n    <\/li>\n    \n    <li class=\"lgpd-governo-item\">\n      <a class=\"lgpd-governo-link\" href=\"https:\/\/www.rj.gov.br\/transparencia\/sites\/default\/files\/arquivos_paginas\/Decreto%2048.011%202022_0.pdf\">Decreto Estadual n\u00ba 48.011\/2022 de 04 de abril de 2022<\/a>\n      <p class=\"lgpd-governo-descricao\">Disp\u00f5e sobre Regulamenta\u00e7\u00e3o do Funcionamento do Portal Integrado de Servi\u00e7os Digitais do Estado do Rio de Janeiro no \u00c2mbito da Administra\u00e7\u00e3o Estadual; e d\u00e1 outras provid\u00eancias.<\/p>\n    <\/li>\n  <\/ul>\n<\/div>","protected":false},"excerpt":{"rendered":"LGPD \/ Governo Digital LGPD Encarregado pelo Tratamento de Dados Pessoais &#8211; DPO \/ PRODERJ Pol\u00edtica de Privacidade e Prote\u00e7\u00e3o de Dados Legisla\u00e7\u00e3o Lei Federal n\u00ba 13.709 de 14 de [&hellip;]","protected":false},"author":1,"featured_media":0,"parent":0,"menu_order":0,"comment_status":"closed","ping_status":"closed","template":"","meta":{"footnotes":""},"class_list":["post-650","page","type-page","status-publish","hentry"],"_links":{"self":[{"href":"https:\/\/transparencia.cge.rj.gov.br\/transparencia\/wp-json\/wp\/v2\/pages\/650","targetHints":{"allow":["GET"]}}],"collection":[{"href":"https:\/\/transparencia.cge.rj.gov.br\/transparencia\/wp-json\/wp\/v2\/pages"}],"about":[{"href":"https:\/\/transparencia.cge.rj.gov.br\/transparencia\/wp-json\/wp\/v2\/types\/page"}],"author":[{"embeddable":true,"href":"https:\/\/transparencia.cge.rj.gov.br\/transparencia\/wp-json\/wp\/v2\/users\/1"}],"replies":[{"embeddable":true,"href":"https:\/\/transparencia.cge.rj.gov.br\/transparencia\/wp-json\/wp\/v2\/comments?post=650"}],"version-history":[{"count":4,"href":"https:\/\/transparencia.cge.rj.gov.br\/transparencia\/wp-json\/wp\/v2\/pages\/650\/revisions"}],"predecessor-version":[{"id":2957,"href":"https:\/\/transparencia.cge.rj.gov.br\/transparencia\/wp-json\/wp\/v2\/pages\/650\/revisions\/2957"}],"wp:attachment":[{"href":"https:\/\/transparencia.cge.rj.gov.br\/transparencia\/wp-json\/wp\/v2\/media?parent=650"}],"curies":[{"name":"wp","href":"https:\/\/api.w.org\/{rel}","templated":true}]}}

<div class="lgpd-governo-container">
  <h2 class="lgpd-governo-titulo">LGPD / Governo Digital</h2>
  
  <h3 class="lgpd-governo-subtitulo">LGPD</h3>
  
  <ul class="lgpd-governo-lista">
    <li class="lgpd-governo-item">
      <a class="lgpd-governo-link lgpd-governo-destaque" href="https://www.rj.gov.br/lgpd/encarregado">Encarregado pelo Tratamento de Dados Pessoais &#8211; DPO / PRODERJ</a>
    </li>
    
    <li class="lgpd-governo-item">
      <a class="lgpd-governo-link lgpd-governo-destaque" href="https://www.rj.gov.br/lgpd/politicas_legislacoes">Política de Privacidade e Proteção de Dados</a>
    </li>
  </ul>
  
  <h3 class="lgpd-governo-subtitulo">Legislação</h3>
  
  <ul class="lgpd-governo-lista">
    <li class="lgpd-governo-item">
      <a class="lgpd-governo-link lgpd-governo-destaque" href="https://www.rj.gov.br/transparencia/sites/default/files/arquivos_paginas/Lei%20Federal%20n%C2%BA%2013.709.pdf">Lei Federal nº 13.709 de 14 de agosto de 2018</a>
      <p class="lgpd-governo-descricao">Lei Geral de Proteção de Dados Pessoais (LGPD).</p>
    </li>
    
    <li class="lgpd-governo-item">
      <a class="lgpd-governo-link lgpd-governo-destaque" href="https://www.rj.gov.br/transparencia/sites/default/files/arquivos_paginas/Lei%20Federal%20n%C2%BA%2013.853.pdf">Lei Federal nº 13.853 de 8 de julho de 2019</a>
      <p class="lgpd-governo-descricao">Altera a Lei nº 13.709, de 14 de agosto de 2018, para dispor sobre a proteção de dados pessoais e para criar a Autoridade Nacional de Proteção de Dados; e dá outras providências.</p>
    </li>
    
    <li class="lgpd-governo-item">
      <a class="lgpd-governo-link lgpd-governo-destaque" href="https://www.rj.gov.br/transparencia/sites/default/files/arquivos_paginas/Decreto%20Estadual%20n%C2%B0%2047.826%20Comit%C3%AA%20Privacidade%20Dados%20LGPD%20_0.pdf">Decreto Estadual nº 47.826 de 11 de novembro de 2021</a>
      <p class="lgpd-governo-descricao">Institui o Comitê Estadual de Governança e Privacidade de Dados em consonância com a Lei Federal nº 13.709, de 14 de agosto de 2018 (Lei Geral de Proteção de Dados Pessoais). (Revogado pelo Decreto Estadual nº 48.891 de 10 de janeiro de 2024)</p>
    </li>
    
    <li class="lgpd-governo-item">
      <a class="lgpd-governo-link lgpd-governo-destaque" href="https://www.rj.gov.br/transparencia/sites/default/files/arquivos_paginas/Decreto%20Estadual%20n%C2%B0%2047.981%20Membros%20N%C3%BAcleo%20Normativo.pdf">Decreto Estadual nº 47.981 de 10 de março de 2022</a>
      <p class="lgpd-governo-descricao">Designa os membros titulares e suplentes do Núcleo Normativo do Comitê Estadual de Governança e Privacidade de Dados.</p>
    </li>
    
    <li class="lgpd-governo-item">
      <a class="lgpd-governo-link lgpd-governo-destaque" href="https://www.rj.gov.br/transparencia/sites/default/files/arquivos_paginas/Decreto%20Estadual%20n%C2%B0%2048.891%20Pol%C3%ADtica%20de%20Governan%C3%A7a.pdf">Decreto Estadual nº 48.891 de 10 de janeiro de 2024</a>
      <p class="lgpd-governo-descricao">Institui a Política de Governança em Privacidade e Proteção de Dados Pessoais do Estado do Rio de Janeiro, em conformidade com a Lei Federal nº 13.709 de 14 de Agosto de 2018 (Lei Geral de Proteção de Dados Pessoais &#8211; LGPD).</p>
    </li>
    
    <li class="lgpd-governo-item">
      <a class="lgpd-governo-link lgpd-governo-destaque" href="/transparencia/wp-content/uploads/2025/11/Resolucao-SETD-56_2024-Encarregado-Central-pelo-Tratamento-de-Dados-Pessoais.pdf">Resolução SETD nº 56 de 26 de dezembro de 2024</a>
      <p class="lgpd-governo-descricao">Dispensa e designa, sem aumento de despesas, servidor para desempenho da função Encarregado Central pelo Tratamento de Dados Pessoais da Secretaria de Estado de Transformação Digital (SETD), e dá outras providências.</p>
    </li>
    <li class="lgpd-governo-item">
      <a class="lgpd-governo-link lgpd-governo-destaque" href="/transparencia/wp-content/uploads/2025/11/RESOLUCAO-CONJUNTA-SETD-PRODERJ-No-17_2025.pdf">Resolução Conjunta SETD/PRODERJ nº 17 de 30 de outubro de 2025</a>
      <p class="lgpd-governo-descricao">Aprova o regimento interno do núcleo normativo do Comitê Estadual de Governança em Privacidade e Proteção de Dados Pessoais.</p>
    </li>
  </ul>
  
  <h3 class="lgpd-governo-subtitulo">GOVERNO DIGITAL</h3>
  
  <h3 class="lgpd-governo-subtitulo">Legislação</h3>
  
  <ul class="lgpd-governo-lista">
    <li class="lgpd-governo-item">
      <a class="lgpd-governo-link" href="https://www.rj.gov.br/transparencia/sites/default/files/arquivos_paginas/LEI%20N%C2%BA%2014.LEI%20N%C2%BA%2014.129%2C%20DE%2029%20DE%20MAR%C3%87O%20DE%202021%20-%20DOU.pdf">Lei Federal nº 14.129/2021 de 29 de março de 2021</a>
      <p class="lgpd-governo-descricao">Dispõe sobre princípios, regras e instrumentos para o Governo Digital e para o aumento da eficiência pública.</p>
    </li>
    
    <li class="lgpd-governo-item">
      <a class="lgpd-governo-link" href="https://www.rj.gov.br/transparencia/sites/default/files/arquivos_paginas/Decreto%2048.011%202022_0.pdf">Decreto Estadual nº 48.011/2022 de 04 de abril de 2022</a>
      <p class="lgpd-governo-descricao">Dispõe sobre Regulamentação do Funcionamento do Portal Integrado de Serviços Digitais do Estado do Rio de Janeiro no Âmbito da Administração Estadual; e dá outras providências.</p>
    </li>
  </ul>
</div>

LGPD / Governo Digital LGPD Encarregado pelo Tratamento de Dados Pessoais &#8211; DPO / PRODERJ Política de Privacidade e Proteção de Dados Legislação Lei Federal nº 13.709 de 14 de [&hellip;]
