{"id":824,"date":"2025-06-25T16:02:08","date_gmt":"2025-06-25T19:02:08","guid":{"rendered":"https:\/\/transparencia.cge.rj.gov.br\/?page_id=824"},"modified":"2025-11-25T17:36:11","modified_gmt":"2025-11-25T20:36:11","slug":"beneficios-fiscais","status":"publish","type":"page","link":"https:\/\/transparencia.cge.rj.gov.br\/transparencia\/incentivos-concedidos\/beneficios-fiscais\/","title":{"rendered":"Benef\u00edcios Fiscais"},"content":{"rendered":"<section class=\"pagpo-section\">\n    <div class=\"pagpo-container\">\n        <h5 class=\"pagpo-title\">Benef\u00edcios Fiscais<\/h5>\n        \n        <p style=\"text-align: justify;\">\n            Os benef\u00edcios fiscais s\u00e3o considerados como redu\u00e7\u00f5es ou elimina\u00e7\u00f5es de \u00f4nus tribut\u00e1rio em virtude de lei ou norma espec\u00edfica.\n            <br><br>\n            Para acessar o dicion\u00e1rio, <a href=\"\/transparencia\/wp-content\/uploads\/2025\/10\/Dicionario-Beneficio-Fiscal.pdf\">clique aqui<\/a>.\n        <\/p>\n\n        <div class=\"pagpo-row\">\n            <div class=\"pagpo-col\">\n                <a class=\"pagpo-card-link\" href=\"https:\/\/portal.fazenda.rj.gov.br\/transparencia-da-receita-estadual\/usuarios-de-beneficios-fiscais\/\" target=\"_blank\" rel=\"noopener\">Mais Informa\u00e7\u00f5es\n                <\/a>\n            <\/div>\n            \n            <div class=\"pagpo-col\">\n                <a class=\"pagpo-card-link\" href=\"https:\/\/portal.fazenda.rj.gov.br\/transparencia-da-receita-estadual\/beneficios-incentivos-fiscais\/\" target=\"_blank\" rel=\"noopener\">Gr\u00e1ficos\n                <\/a>\n            <\/div>\n        <\/div>\n    <\/div>\n<\/section>","protected":false},"excerpt":{"rendered":"Benef\u00edcios Fiscais Os benef\u00edcios fiscais s\u00e3o considerados como redu\u00e7\u00f5es ou elimina\u00e7\u00f5es de \u00f4nus tribut\u00e1rio em virtude de lei ou norma espec\u00edfica. Para acessar o dicion\u00e1rio, clique aqui. Mais Informa\u00e7\u00f5es Gr\u00e1ficos","protected":false},"author":1,"featured_media":0,"parent":1273,"menu_order":0,"comment_status":"closed","ping_status":"closed","template":"","meta":{"footnotes":""},"class_list":["post-824","page","type-page","status-publish","hentry"],"_links":{"self":[{"href":"https:\/\/transparencia.cge.rj.gov.br\/transparencia\/wp-json\/wp\/v2\/pages\/824","targetHints":{"allow":["GET"]}}],"collection":[{"href":"https:\/\/transparencia.cge.rj.gov.br\/transparencia\/wp-json\/wp\/v2\/pages"}],"about":[{"href":"https:\/\/transparencia.cge.rj.gov.br\/transparencia\/wp-json\/wp\/v2\/types\/page"}],"author":[{"embeddable":true,"href":"https:\/\/transparencia.cge.rj.gov.br\/transparencia\/wp-json\/wp\/v2\/users\/1"}],"replies":[{"embeddable":true,"href":"https:\/\/transparencia.cge.rj.gov.br\/transparencia\/wp-json\/wp\/v2\/comments?post=824"}],"version-history":[{"count":26,"href":"https:\/\/transparencia.cge.rj.gov.br\/transparencia\/wp-json\/wp\/v2\/pages\/824\/revisions"}],"predecessor-version":[{"id":3007,"href":"https:\/\/transparencia.cge.rj.gov.br\/transparencia\/wp-json\/wp\/v2\/pages\/824\/revisions\/3007"}],"up":[{"embeddable":true,"href":"https:\/\/transparencia.cge.rj.gov.br\/transparencia\/wp-json\/wp\/v2\/pages\/1273"}],"wp:attachment":[{"href":"https:\/\/transparencia.cge.rj.gov.br\/transparencia\/wp-json\/wp\/v2\/media?parent=824"}],"curies":[{"name":"wp","href":"https:\/\/api.w.org\/{rel}","templated":true}]}}